{"id":982,"date":"2023-04-17T02:23:06","date_gmt":"2023-04-17T02:23:06","guid":{"rendered":"https:\/\/transmendesturismo.com.br\/?page_id=982"},"modified":"2023-04-17T02:23:06","modified_gmt":"2023-04-17T02:23:06","slug":"fretamento-de-onibus-em-brasilia-df","status":"publish","type":"page","link":"https:\/\/transmendesturismo.com.br\/onibus-turismo-brasilia\/fretamento-de-onibus-em-brasilia-df\/","title":{"rendered":"Fretamento de \u00f4nibus em Bras\u00edlia"},"content":{"rendered":"<div id=\"pg-251-0\" class=\"panel-grid panel-has-style\" data-style=\"{&quot;background_image_attachment&quot;:false,&quot;background_display&quot;:&quot;tile&quot;,&quot;row_stretch&quot;:&quot;full&quot;,&quot;cell_alignment&quot;:&quot;flex-start&quot;}\" data-ratio=\"1\" data-ratio-direction=\"right\">\n<div class=\"siteorigin-panels-stretch panel-row-style panel-row-style-for-251-0\" data-stretch-type=\"full\">\n<div id=\"pgc-251-0-0\" class=\"panel-grid-cell\" data-weight=\"0.33333333333333\">\n<div id=\"panel-251-0-0-0\" class=\"so-panel widget widget_sow-editor panel-first-child panel-last-child\" data-index=\"0\" data-style=\"{&quot;background_image_attachment&quot;:false,&quot;background_display&quot;:&quot;tile&quot;}\">\n<div class=\"so-widget-sow-editor so-widget-sow-editor-base\">\n<h3 class=\"widget-title\">Loca\u00e7\u00e3o de \u00d4nibus para Executivos em Bras\u00edlia<\/h3>\n<div class=\"siteorigin-widget-tinymce textwidget\">\n<p>Translado\u00a0de executivos com\u00a0pontualidade para reuni\u00f5es, gerando conforto e comodidade.<\/p>\n<\/div>\n<\/div>\n<\/div>\n<\/div>\n<div id=\"pgc-251-0-1\" class=\"panel-grid-cell\" data-weight=\"0.33333333333333\">\n<div id=\"panel-251-0-1-0\" class=\"so-panel widget widget_sow-editor panel-first-child panel-last-child\" data-index=\"1\" data-style=\"{&quot;background_image_attachment&quot;:false,&quot;background_display&quot;:&quot;tile&quot;}\">\n<div class=\"so-widget-sow-editor so-widget-sow-editor-base\">\n<h3 class=\"widget-title\">Loca\u00e7\u00e3o de \u00d4nibus para Casamento em Bras\u00edlia<\/h3>\n<div class=\"siteorigin-widget-tinymce textwidget\">\n<p>Casamentos realizados em s\u00edtios e ch\u00e1caras, fazemos translado de\u00a0seus\u00a0convidados.<\/p>\n<\/div>\n<\/div>\n<\/div>\n<\/div>\n<div id=\"pgc-251-0-2\" class=\"panel-grid-cell\" data-weight=\"0.33333333333333\">\n<div id=\"panel-251-0-2-0\" class=\"so-panel widget widget_sow-editor panel-first-child panel-last-child\" data-index=\"2\" data-style=\"{&quot;background_image_attachment&quot;:false,&quot;background_display&quot;:&quot;tile&quot;}\">\n<div class=\"so-widget-sow-editor so-widget-sow-editor-base\">\n<h3 class=\"widget-title\">Loca\u00e7\u00e3o de \u00d4nibus para Teatro em Bras\u00edlia<\/h3>\n<div class=\"siteorigin-widget-tinymce textwidget\">\n<p>Artistas, produtores, elencos, transportamos sua equipe e cen\u00e1rio utilizando carretinha.<\/p>\n<\/div>\n<\/div>\n<\/div>\n<\/div>\n<\/div>\n<\/div>\n<div id=\"pg-251-1\" class=\"panel-grid panel-has-style\" data-style=\"{&quot;background_image_attachment&quot;:false,&quot;background_display&quot;:&quot;tile&quot;,&quot;row_stretch&quot;:&quot;full&quot;,&quot;cell_alignment&quot;:&quot;flex-start&quot;}\" data-ratio=\"1\" data-ratio-direction=\"right\">\n<div class=\"siteorigin-panels-stretch panel-row-style panel-row-style-for-251-1\" data-stretch-type=\"full\">\n<div id=\"pgc-251-1-0\" class=\"panel-grid-cell\" data-weight=\"0.33333333333333\">\n<div id=\"panel-251-1-0-0\" class=\"so-panel widget widget_sow-editor panel-first-child panel-last-child\" data-index=\"3\" data-style=\"{&quot;background_image_attachment&quot;:false,&quot;background_display&quot;:&quot;tile&quot;}\">\n<div class=\"so-widget-sow-editor so-widget-sow-editor-base\">\n<h3 class=\"widget-title\">Loca\u00e7\u00e3o de \u00d4nibus para Formatura em Bras\u00edlia<\/h3>\n<div class=\"siteorigin-widget-tinymce textwidget\">\n<p>Fazemos o transporte de formandos, educadores, pais e convidados para\u00a0cola\u00e7\u00e3o de grau, baile de formatura.<\/p>\n<\/div>\n<\/div>\n<\/div>\n<\/div>\n<div id=\"pgc-251-1-1\" class=\"panel-grid-cell\" data-weight=\"0.33333333333333\">\n<div id=\"panel-251-1-1-0\" class=\"so-panel widget widget_sow-editor panel-first-child panel-last-child\" data-index=\"4\" data-style=\"{&quot;background_image_attachment&quot;:false,&quot;background_display&quot;:&quot;tile&quot;}\">\n<div class=\"so-widget-sow-editor so-widget-sow-editor-base\">\n<h3 class=\"widget-title\">Loca\u00e7\u00e3o de \u00d4nibus para Congresso em Bras\u00edlia<\/h3>\n<div class=\"siteorigin-widget-tinymce textwidget\">\n<p>Congressistas, palestrante e convidados encontram na\u00a0<b>TRANSMENDES<\/b><b>\u00a0<\/b>Locadora\u00a0o meio\u00a0mais confort\u00e1vel para\u00a0transporte em grupo.<\/p>\n<\/div>\n<\/div>\n<\/div>\n<\/div>\n<div id=\"pgc-251-1-2\" class=\"panel-grid-cell\" data-weight=\"0.33333333333333\">\n<div id=\"panel-251-1-2-0\" class=\"so-panel widget widget_sow-editor panel-first-child panel-last-child\" data-index=\"5\" data-style=\"{&quot;background_image_attachment&quot;:false,&quot;background_display&quot;:&quot;tile&quot;}\">\n<div class=\"so-widget-sow-editor so-widget-sow-editor-base\">\n<h3 class=\"widget-title\">Loca\u00e7\u00e3o de \u00d4nibus para City Tour em Bras\u00edlia<\/h3>\n<div class=\"siteorigin-widget-tinymce textwidget\">\n<p>Loca\u00e7\u00e3o de \u00d4nibus para turismo, te levamos para outro estado, interior, litoral e seus principais pontos tur\u00edsticos.<\/p>\n<\/div>\n<\/div>\n<\/div>\n<\/div>\n<\/div>\n<\/div>\n<div id=\"pg-251-2\" class=\"panel-grid panel-has-style\" data-style=\"{&quot;background_image_attachment&quot;:false,&quot;background_display&quot;:&quot;tile&quot;,&quot;row_stretch&quot;:&quot;full&quot;,&quot;cell_alignment&quot;:&quot;flex-start&quot;}\" data-ratio=\"1\" data-ratio-direction=\"right\">\n<div class=\"siteorigin-panels-stretch panel-row-style panel-row-style-for-251-2\" data-stretch-type=\"full\">\n<div id=\"pgc-251-2-0\" class=\"panel-grid-cell\" data-weight=\"0.33333333333333\">\n<div id=\"panel-251-2-0-0\" class=\"so-panel widget widget_sow-editor panel-first-child panel-last-child\" data-index=\"6\" data-style=\"{&quot;background_image_attachment&quot;:false,&quot;background_display&quot;:&quot;tile&quot;}\">\n<div class=\"so-widget-sow-editor so-widget-sow-editor-base\">\n<h3 class=\"widget-title\">Loca\u00e7\u00e3o de \u00d4nibus para Eventos em Bras\u00edlia<\/h3>\n<div class=\"siteorigin-widget-tinymce textwidget\">\n<p>Aluguel de vans para eventos no Brasil, tenha tranquilidade no transporte para os principais eventos, voc\u00ea escolhe o destino e n\u00f3s te levaremos at\u00e9 l\u00e1.<\/p>\n<\/div>\n<\/div>\n<\/div>\n<\/div>\n<div id=\"pgc-251-2-1\" class=\"panel-grid-cell\" data-weight=\"0.33333333333333\">\n<div id=\"panel-251-2-1-0\" class=\"so-panel widget widget_sow-editor panel-first-child panel-last-child\" data-index=\"7\" data-style=\"{&quot;background_image_attachment&quot;:false,&quot;background_display&quot;:&quot;tile&quot;}\">\n<div class=\"so-widget-sow-editor so-widget-sow-editor-base\">\n<h3 class=\"widget-title\">Loca\u00e7\u00e3o de \u00d4nibus para Transporte de Funcion\u00e1rios em Bras\u00edlia<\/h3>\n<div class=\"siteorigin-widget-tinymce textwidget\">\n<p>Fretamento para funcion\u00e1rios, trabalhar com conforto e seguran\u00e7a, e ainda melhor chegar todos os dias no hor\u00e1rio.<\/p>\n<\/div>\n<\/div>\n<\/div>\n<\/div>\n<div id=\"pgc-251-2-2\" class=\"panel-grid-cell\" data-weight=\"0.33333333333333\">\n<div id=\"panel-251-2-2-0\" class=\"so-panel widget widget_sow-editor panel-first-child panel-last-child\" data-index=\"8\" data-style=\"{&quot;background_image_attachment&quot;:false,&quot;background_display&quot;:&quot;tile&quot;}\">\n<div class=\"so-widget-sow-editor so-widget-sow-editor-base\">\n<h3 class=\"widget-title\">Loca\u00e7\u00e3o de \u00d4nibus para Banda e Shows em Bras\u00edlia<\/h3>\n<div class=\"siteorigin-widget-tinymce textwidget\">\n<p>Deslocamento de\u00a0banda musical, t\u00e9cnicos e respons\u00e1veis pela produ\u00e7\u00e3o e execu\u00e7\u00e3o dos envolvidos para a realiza\u00e7\u00e3o de shows, disponibilizamos carretinha para transporte dos equipamentos.<\/p>\n<\/div>\n<\/div>\n<\/div>\n<\/div>\n<\/div>\n<\/div>\n<div id=\"pg-251-3\" class=\"panel-grid panel-has-style\" data-style=\"{&quot;background_image_attachment&quot;:false,&quot;background_display&quot;:&quot;tile&quot;,&quot;row_stretch&quot;:&quot;full&quot;,&quot;cell_alignment&quot;:&quot;flex-start&quot;}\" data-ratio=\"1\" data-ratio-direction=\"right\">\n<div class=\"siteorigin-panels-stretch panel-row-style panel-row-style-for-251-3\" data-stretch-type=\"full\">\n<div id=\"pgc-251-3-0\" class=\"panel-grid-cell\" data-weight=\"0.33333333333333\">\n<div id=\"panel-251-3-0-0\" class=\"so-panel widget widget_sow-editor panel-first-child panel-last-child\" data-index=\"9\" data-style=\"{&quot;background_image_attachment&quot;:false,&quot;background_display&quot;:&quot;tile&quot;}\">\n<div class=\"so-widget-sow-editor so-widget-sow-editor-base\">\n<h3 class=\"widget-title\">Loca\u00e7\u00e3o de \u00d4nibus para Transfer em Bras\u00edlia<\/h3>\n<div class=\"siteorigin-widget-tinymce textwidget\">\n<p>Visitantes, executivos, estrangeiros, ou se\u00a0t\u00eam a necessidade de serem recebidos receptivamente no aeroporto e transportados diretamente ao seu local de destino.<\/p>\n<\/div>\n<\/div>\n<\/div>\n<\/div>\n<div id=\"pgc-251-3-1\" class=\"panel-grid-cell\" data-weight=\"0.33333333333333\">\n<div id=\"panel-251-3-1-0\" class=\"so-panel widget widget_sow-editor panel-first-child panel-last-child\" data-index=\"10\" data-style=\"{&quot;background_image_attachment&quot;:false,&quot;background_display&quot;:&quot;tile&quot;}\">\n<div class=\"so-widget-sow-editor so-widget-sow-editor-base\">\n<h3 class=\"widget-title\">Loca\u00e7\u00e3o de \u00d4nibus para Viagem em Bras\u00edlia em Bras\u00edlia<\/h3>\n<div class=\"siteorigin-widget-tinymce textwidget\">\n<p>Realize sua viagem de maneira confort\u00e1vel e sem preocupa\u00e7\u00e3o. Realizamos viagens para todo o Brasil,\u00a0tamb\u00e9m possu\u00edmos larga experi\u00eancia em viagens com destino ao Paragua\u00ed e Foz do Igua\u00e7u.<\/p>\n<\/div>\n<\/div>\n<\/div>\n<\/div>\n<div id=\"pgc-251-3-2\" class=\"panel-grid-cell\" data-weight=\"0.33333333333333\">\n<div id=\"panel-251-3-2-0\" class=\"so-panel widget widget_sow-editor panel-first-child panel-last-child\" data-index=\"11\" data-style=\"{&quot;background_image_attachment&quot;:false,&quot;background_display&quot;:&quot;tile&quot;}\">\n<div class=\"so-widget-sow-editor so-widget-sow-editor-base\">\n<h3 class=\"widget-title\">Loca\u00e7\u00e3o \u00f4nibus em Bras\u00edlia<\/h3>\n<div class=\"siteorigin-widget-tinymce textwidget\">\n<p>Levamos voc\u00ea at\u00e9 o Porto de Santos com seguran\u00e7a, conforto e principalmente pontualidade.<\/p>\n<figure id=\"attachment_80\" class=\"wp-caption alignnone\" aria-describedby=\"caption-attachment-80\"><img loading=\"lazy\" decoding=\"async\" class=\"wp-image-80 size-medium\" src=\"https:\/\/transmendesturismo.com.br\/onibus-turismo-brasilia\/wp-content\/uploads\/2023\/03\/WhatsApp-Image-2023-03-19-at-17.34.37-1-300x135.jpeg\" sizes=\"auto, (max-width: 300px) 100vw, 300px\" srcset=\"https:\/\/transmendesturismo.com.br\/onibus-turismo-brasilia\/wp-content\/uploads\/2023\/03\/WhatsApp-Image-2023-03-19-at-17.34.37-1-300x135.jpeg 300w, https:\/\/transmendesturismo.com.br\/onibus-turismo-brasilia\/wp-content\/uploads\/2023\/03\/WhatsApp-Image-2023-03-19-at-17.34.37-1-1024x461.jpeg 1024w, https:\/\/transmendesturismo.com.br\/onibus-turismo-brasilia\/wp-content\/uploads\/2023\/03\/WhatsApp-Image-2023-03-19-at-17.34.37-1-768x346.jpeg 768w, https:\/\/transmendesturismo.com.br\/onibus-turismo-brasilia\/wp-content\/uploads\/2023\/03\/WhatsApp-Image-2023-03-19-at-17.34.37-1-1536x691.jpeg 1536w, https:\/\/transmendesturismo.com.br\/onibus-turismo-brasilia\/wp-content\/uploads\/2023\/03\/WhatsApp-Image-2023-03-19-at-17.34.37-1.jpeg 1600w\" alt=\"Loca\u00e7\u00e3o de \u00f4nibus em Bras\u00edlia\" width=\"300\" height=\"135\" \/><figcaption id=\"caption-attachment-80\" class=\"wp-caption-text\">Loca\u00e7\u00e3o de \u00f4nibus em Bras\u00edlia<\/figcaption><\/figure>\n<\/div>\n<\/div>\n<\/div>\n<\/div>\n<\/div>\n<\/div>\n","protected":false},"excerpt":{"rendered":"<p>Loca\u00e7\u00e3o de \u00d4nibus para Executivos em Bras\u00edlia Translado\u00a0de executivos com\u00a0pontualidade para reuni\u00f5es, gerando conforto e comodidade. Loca\u00e7\u00e3o de \u00d4nibus para Casamento em Bras\u00edlia Casamentos realizados em s\u00edtios e ch\u00e1caras, fazemos translado de\u00a0seus\u00a0convidados. Loca\u00e7\u00e3o de \u00d4nibus para Teatro em Bras\u00edlia Artistas, produtores, elencos, transportamos sua equipe e cen\u00e1rio utilizando carretinha. Loca\u00e7\u00e3o de \u00d4nibus para Formatura em [&hellip;]<\/p>\n","protected":false},"author":1,"featured_media":0,"parent":0,"menu_order":0,"comment_status":"closed","ping_status":"closed","template":"","meta":{"footnotes":""},"class_list":["post-982","page","type-page","status-publish","hentry"],"_links":{"self":[{"href":"https:\/\/transmendesturismo.com.br\/onibus-turismo-brasilia\/wp-json\/wp\/v2\/pages\/982","targetHints":{"allow":["GET"]}}],"collection":[{"href":"https:\/\/transmendesturismo.com.br\/onibus-turismo-brasilia\/wp-json\/wp\/v2\/pages"}],"about":[{"href":"https:\/\/transmendesturismo.com.br\/onibus-turismo-brasilia\/wp-json\/wp\/v2\/types\/page"}],"author":[{"embeddable":true,"href":"https:\/\/transmendesturismo.com.br\/onibus-turismo-brasilia\/wp-json\/wp\/v2\/users\/1"}],"replies":[{"embeddable":true,"href":"https:\/\/transmendesturismo.com.br\/onibus-turismo-brasilia\/wp-json\/wp\/v2\/comments?post=982"}],"version-history":[{"count":1,"href":"https:\/\/transmendesturismo.com.br\/onibus-turismo-brasilia\/wp-json\/wp\/v2\/pages\/982\/revisions"}],"predecessor-version":[{"id":983,"href":"https:\/\/transmendesturismo.com.br\/onibus-turismo-brasilia\/wp-json\/wp\/v2\/pages\/982\/revisions\/983"}],"wp:attachment":[{"href":"https:\/\/transmendesturismo.com.br\/onibus-turismo-brasilia\/wp-json\/wp\/v2\/media?parent=982"}],"curies":[{"name":"wp","href":"https:\/\/api.w.org\/{rel}","templated":true}]}}